{"id":1684,"date":"2024-02-26T19:35:06","date_gmt":"2024-02-26T19:35:06","guid":{"rendered":"https:\/\/produse.omnieducational.ro\/?post_type=product&#038;p=1684"},"modified":"2024-02-26T19:45:00","modified_gmt":"2024-02-26T19:45:00","slug":"tabla-mobila-alba-omd09ed-61","status":"publish","type":"product","link":"https:\/\/produse.omnieducational.ro\/index.php\/product\/tabla-mobila-alba-omd09ed-61\/","title":{"rendered":"Tabl\u0103 mobil\u0103 alb\u0103 OMD09ED-61"},"content":{"rendered":"<p>Tabl\u0103 mobil\u0103 alb\u0103<\/p>\n","protected":false},"excerpt":{"rendered":"<p>Tabl\u0103 mobil\u0103 alb\u0103<\/p>\n","protected":false},"featured_media":1693,"comment_status":"open","ping_status":"closed","template":"","meta":[],"product_cat":[19,216],"product_tag":[],"class_list":{"0":"post-1684","1":"product","2":"type-product","3":"status-publish","4":"has-post-thumbnail","6":"product_cat-mobilier-scoli","7":"product_cat-tabla","9":"first","10":"instock","11":"shipping-taxable","12":"product-type-variable"},"_links":{"self":[{"href":"https:\/\/produse.omnieducational.ro\/index.php\/wp-json\/wp\/v2\/product\/1684","targetHints":{"allow":["GET"]}}],"collection":[{"href":"https:\/\/produse.omnieducational.ro\/index.php\/wp-json\/wp\/v2\/product"}],"about":[{"href":"https:\/\/produse.omnieducational.ro\/index.php\/wp-json\/wp\/v2\/types\/product"}],"replies":[{"embeddable":true,"href":"https:\/\/produse.omnieducational.ro\/index.php\/wp-json\/wp\/v2\/comments?post=1684"}],"wp:featuredmedia":[{"embeddable":true,"href":"https:\/\/produse.omnieducational.ro\/index.php\/wp-json\/wp\/v2\/media\/1693"}],"wp:attachment":[{"href":"https:\/\/produse.omnieducational.ro\/index.php\/wp-json\/wp\/v2\/media?parent=1684"}],"wp:term":[{"taxonomy":"product_cat","embeddable":true,"href":"https:\/\/produse.omnieducational.ro\/index.php\/wp-json\/wp\/v2\/product_cat?post=1684"},{"taxonomy":"product_tag","embeddable":true,"href":"https:\/\/produse.omnieducational.ro\/index.php\/wp-json\/wp\/v2\/product_tag?post=1684"}],"curies":[{"name":"wp","href":"https:\/\/api.w.org\/{rel}","templated":true}]}}